ue
Let a be -6*1*2/(-4). Suppose -119*n - n + 112 = -128. Suppose -7183 = -n*v - z, -13 + 4 = a*z. Is v a prime number?
True
Let r(x) = -3*x**2 - 48*x + 27. Let j be r(-12). Suppose 0 = 4*a + 4*d + 23 - j, -2*a - 4*d + 74 = 0. Is a a composite number?
False
Let s be 7 + (-7 - -3) + 10. Suppose s*d = -10*d + 191659. Is d prime?
False
Let a be 12/(27/6 - 4) + -2. Suppose 2*n + 0*n = -2*d - a, 0 = -n - 4*d - 23. Let c(r) = 32*r**2 - 11*r - 8. Is c(n) prime?
True
Let k(v) = 18*v**3 - 7*v**2 + 19*v + 11. Let x be k(10). Suppose 10*u = x - 4211. Suppose -8*q + 5*q = -u. Is q composite?
False
Suppose -4*m - 1551918 = -2*a, -a - 3*m + 111978 = -663991. Is a a composite number?
False
Is (1215588/198)/(40/18 + -2) prime?
False
Suppose 4*h = -3*u + 348445, -5*h - 92221 = u - 527769. Is h a composite number?
True
Let t = 421015 - 295200. Is t a composite number?
True
Let i = -179 + 177. Is ((-2)/(-4))/(i/7820*-5) a prime number?
False
Suppose 0 = -25*l + 43*l - 2274462. Is l a composite number?
False
Let z be (-20)/(-30) + (-151)/(-3). Let x = -26 + z. Is 1/(-5) - (-10080)/x a composite number?
True
Let u = 56 - 76. Let s(j) = 2*j**3 + 44*j**2 - 26*j - 25. Is s(u) prime?
False
Let l be 91 - (0 + 1 + -1). Let o be 14/l - (-126)/26. Suppose -5*u = 2*q - 4*q - 2549, o*q + 519 = u. Is u a prime number?
True
Suppose 42041 = 4*k - y, 5*k - 2*y - 28790 - 23759 = 0. Let g = -7312 + k. Is g composite?
True
Suppose 3*x = 8 + 13. Suppose x*r = 4*r + 38601. Suppose -6*b + r = 945. Is b composite?
False
Is (4540923/(-18) + 13)/(-3 - (-5)/2) a prime number?
True
Suppose 453 = 4*m - 5*n - 950, 4*n - 20 = 0. Let g be (-5)/((-30)/m)*2/1. Let r = 240 - g. Is r prime?
False
Let a(n) = 4*n + 22. Let c be a(-4). Let v be ((-20)/(-14))/(c/42). Suppose v*k - 3*i - 2966 = 9*k, -11854 = -4*k + 2*i. Is k prime?
True
Suppose -7*s = 4 - 60. Suppose -7*l - 47 = -s*l + 3*x, -5*x = l - 63. Is l prime?
True
Is (-2)/(-3)*(2817605/10 + 10) a composite number?
True
Let j be (-99)/66 + (-13)/(-2). Suppose j*v - 12363 - 4288 = -3*d, 2*d + 2*v - 11106 = 0. Is d a composite number?
False
Is (-70 + 68)*-210347*4/8 a prime number?
True
Suppose -19*y - 2*x = -6106721, -108482 = 5*y + 4*x - 1715493. Is y composite?
True
Let d(h) = h**3 + 3*h**2 - 8*h - 24. Let y be d(-4). Is 1291 - y/(-16)*-4 composite?
True
Is (-1708)/(-488)*-4*(-559694)/28 a composite number?
False
Let x = 117 + -115. Suppose 4*w + w = -x*c + 1366, 4*w + 1330 = 2*c. Is c a prime number?
True
Suppose -2*x + 610531 = 3*r, 4*x = 5*r + 1620691 - 399706. Is x prime?
False
Suppose d - 451106 = -5*q, 90223 = 7*q - 6*q + 2*d. Is q composite?
True
Let g = 212 + -109. Suppose 5*t + 0 = -2*v + 38, -v + 4*t = -45. Suppose -v - g = -4*m. Is m composite?
True
Let d(a) = a**3 + 9*a**2 + 5*a + 7. Let b be d(-7). Let j be 20/b + 93/(-7). Is 2/j - 3811/(-13) a composite number?
False
Suppose -2*q + 2*b - 5*b = 10018, 3*q - 2*b = -15001. Let k = q - -8560. Is k composite?
False
Suppose 29*i - 7432069 = 44*i - 166*i. Is i prime?
False
Suppose -4*x + 2*g + 3 = -15, 2*g + 6 = x. Suppose 2*q - 346 = -3*m, -87 - 255 = -2*q - x*m. Is q composite?
False
Let g(i) = 109791*i - 1527. Is g(8) prime?
False
Suppose -n + 2*w + 2 = 0, 5*n - 3*w - 14 = 3. Let d = 22 + -16. Is (-6225)/(-6) + d/n a prime number?
True
Let u(m) = 2*m**3 + 5*m**2 - 6*m + 7. Suppose -4 = 3*g - 13. Suppose 4*o = 4*q - 12, 18 = g*q + 2*q - 2*o. Is u(q) a prime number?
True
Let f = -188022 - -555329. Is f composite?
False
Suppose 7*s + 178 = 199. Suppose 3*j + 5*h = -0*h + 32669, -s*j + 2*h = -32683. Is j composite?
True
Let l(j) = 738*j**2 - 8*j + 4. Let u be l(-6). Let m = -18671 + u. Is m composite?
False
Let j = 13274 + -2186. Suppose -j = -9*b + 243. Is b a composite number?
False
Suppose 5*z + 3*s = 295354, 11*z = 9*z + s + 118135. Is z a composite number?
False
Suppose -12*i = 8*i. Is -1*-1327*(i - (5 - 6)) a prime number?
True
Suppose -6*d + 2*d - 57 = o, 5*o + 5*d + 240 = 0. Let h = -6 - o. Is h a prime number?
False
Suppose 7*w - 10*w + 24 = 0. Let v(a) = -6*a - w*a + 51 - 5*a - 16*a. Is v(-14) composite?
False
Is 1138513 + (-5 - (8 - 6)) + 13 prime?
True
Is (2443828/14)/((-82)/(-287)) composite?
False
Let w be (-3)/21 + 327812/14. Suppose 25*m - 11635 = w. Is m a prime number?
False
Suppose 6*y - 552 = -510. Let i(l) = 20*l**2 + 12*l - 57. Is i(y) prime?
False
Let b(v) = v**2 + 3*v + 7. Let d be b(-4). Suppose 8*w - d*w - 9 = 0. Is w/(-9)*4296/4 a composite number?
True
Suppose 4*f - 78430 = -6*c, 2*c + c = 3*f + 39225. Is c composite?
True
Suppose 0 = 12*s - 3*s - 90. Let w = 0 + s. Suppose -3325 = -w*q + 1165. Is q a composite number?
False
Let i(r) = -176*r + 32*r - 230 + 16*r. Is i(-8) a composite number?
True
Suppose -5*i - 95 = -p, -2*i + 2*p = 13 + 17. Let k(t) = t**2 - 17*t + 3. Is k(i) a composite number?
False
Suppose 4*z - q = 88 + 216, -369 = -5*z + 4*q. Let r = -65 + z. Suppose 10*p - r*p + 2426 = 0. Is p a prime number?
True
Let j(f) = 166442*f - 173. Is j(2) a composite number?
False
Let o = -2742 + -5305. Let j = o + 11441. Is j prime?
False
Suppose -2*g + p = -33, -g - 5*p = 3*g - 31. Let s = -10 + g. Suppose -s*q = -8*q + 1016. Is q a composite number?
True
Suppose -937369 = -4*k - 20*r + 15*r, -3*k = 3*r - 703026. Is k composite?
False
Let u = 248493 - 164996. Is u a prime number?
True
Suppose -4*q + 3*q = 125. Let b = 489 + q. Let h = b + -221. Is h prime?
False
Let g be (3 + 1 + -1305)/(1/2). Let k = 7663 - g. Is k a composite number?
True
Suppose -p - 7*p + 32 = 0. Suppose p*f - 3*f - 3947 = 0. Suppose f = -3*w + 6*w - 5*n, -8 = -4*n. Is w a prime number?
True
Suppose 4*v = 3*c + 354182, 4*c = -2*v + 141564 + 35538. Is v prime?
True
Suppose x = -4 + 4. Suppose 3*p - k - 7 = x, -4*k + 2*k = -4*p + 10. Is -1*((-259)/1 + p) a prime number?
True
Let p(r) = 964*r**2 - 11*r + 26. Suppose 163 = 10*w + 113. Is p(w) composite?
False
Suppose -3*v + 207971 = -6*u + 7*u, -4*u + 831852 = -4*v. Is u a prime number?
False
Let k(i) = -41*i + 212. Let h be k(5). Suppose -5*y - 3*s = -1172, s = -h*y + 5*y + 469. Is y a prime number?
False
Suppose 2507305 - 694914 = 19*q. Is q a composite number?
True
Let d = 619 - 1705. Let s = d + 1848. Suppose -35*t + s = -33*t. Is t prime?
False
Let p = -675988 + 357229. Is (-4)/16 + -6 + p/(-12) prime?
True
Is (-56)/(16 + -8) - (-339806 + 8 - -6) a prime number?
False
Suppose 10632 = -19*z + 20*z. Let o = 7279 - z. Let b = -2316 - o. Is b prime?
False
Let w be (-14)/((-2)/(-10) + (-6)/5). Let k = -1900 + 1247. Is k/(-5) + w/35 composite?
False
Let f(p) = -10*p**2 + 8*p - 192*p**3 - 2*p - 6 + 193*p**3 - 17. Is f(20) a prime number?
False
Suppose -q - 9 = -2*j, 0*j + 3*q - 5 = -2*j. Suppose -2833 = -d - 5*s, 3*d - j*d + 5*s + 2833 = 0. Is d composite?
False
Suppose 3*y - 170 = -2*g, 5*g = -y + 3*g + 54. Suppose y*b - 553124 = 6*b. Is b a prime number?
False
Let b be 3/(-24) - (-25)/8 - 3. Suppose 5*m + 2*q - 117005 = 0, 2*m - q - 3*q - 46802 = b. Is m a prime number?
False
Suppose 2*v + 40633 - 129386 = 3*r, -5*r = -5*v + 221890. Is v prime?
True
Is 4/18 + 422804/72 - 18/(-36) a prime number?
False
Suppose -12*q = -17*q + 20. Suppose 2*x = 3*v - 3 - 3, -5*x + q = 2*v. Suppose x = -3*m - 555 + 4056. Is m prime?
False
Is 116619 - (3 + -12 + -11) a composite number?
False
Let f(g) = -3*g**3 - 12*g**2 - 19*g - 28. Let x be f(-7). Suppose 3*l + 5*y = x, -3*l + y = -6*l + 534. Is l prime?
False
Suppose -666 = -34*r - 224. Suppose -r*z + 7906 = -45277. Is z a prime number?
True
Suppose 0 = -0*m - 6*m + 6. Let p(l) = -2167*l - 9. Let u(s) = -s. Let w(c) = m*p(c) + u(c). Is w(-1) a composite number?
True
Let o = -1176340 - -1716333. Is o a prime number?
True
Let a be 10*4/16*46. Suppose g - 120 = a. Suppose -s + g = 2*i, 0 = 2*i - 5*s + 32 - 237. Is i prime?
False
Let j be (4/9)/(-2) - (-4654910)/90. Suppose 9*z = 28730 + j. Is z a prime number?
False
Let m(b) = b**3 + 70*b**2 - 79*b - 1447. Is m(-60) composite?
False
Let r(q) = -132 + 0*q + 11*q + 179 - 144. Is r(20) a prime number?
False
Suppose -2*g + 24 = -4*f, -2*g = -2*f - 0*f - 20. Let s(y) = 4*y**2 + 11*y + 15. Is s(g) prime?
True
Let n = 77730 - -14029. Is n a composite number?
True
Let o be -4*((-10)/4)/(-5)*-1. Suppose -o*p + p = 4*d - 3960, d = 2*p + 999. Suppose d = 2*q - q. Is q